t x be (12/b)/(2/(-24)). Suppose p + x = -2*p. Calculate t(p).
-2
Let g be -1 + 25 - 3/(-3). Suppose 2*s + 4*x = 20, 5*x - g = -s - 0*x. Let u(o) be the first derivative of -o**3/3 + o**2/2 + o - 3. Calculate u(s).
1
Let q be (-3)/(-2 + (-1 - -2)). Let s(r) = -3*r**3 - 3*r - 2*r**2 + r**q + 6*r**2 + 1. Let t be s(2). Let v(w) = 3*w + 7. What is v(t)?
-8
Suppose -3*d = 2*d - 5. Suppose -4*i = 3*k - 14, 2*i - 2 = i. Let m(a) = k*a**2 - a**2 + 7*a**2. What is m(d)?
8
Let k(p) be the second derivative of -p**3/3 - 3*p**2/2 - p. Let j = 16 - 10. Suppose -j*l - 9 = 15. Give k(l).
5
Let b(d) be the second derivative of 1/6*d**3 + 0*d**2 - 7*d + 0. Calculate b(-6).
-6
Let m(c) be the second derivative of -1/2*c**2 + 0 - 2*c - 1/6*c**3. Give m(-4).
3
Let k(b) = -b**2 - 9*b - 1. Suppose 2*n + 45 = -5*t, -t + 4*n = -0*n + 9. Determine k(t).
-1
Let o(q) = 5*q**2 - 29*q - 3. Let v(r) = -2*r**2 + 10*r + 1. Let d(h) = -3*o(h) - 8*v(h). Calculate d(-4).
-11
Let d(v) = -v - 12. Let n be d(-14). Let h(p) be the third derivative of -p**3 - 1/24*p**4 + p**n + 0*p + 0. What is h(-5)?
-1
Let q(v) = 4*v + 4. Let b(c) = -1. Let z = 4 + -5. Let i(l) = z*q(l) - 6*b(l). Let k(u) = -u. Let o(w) = i(w) - 3*k(w). Calculate o(4).
-2
Suppose 0 = -0*l - 2*l + 44. Let b = l - 12. Suppose 0 = -0*t - 2*t - b. Let h(o) = o**2 + 4*o - 4. Calculate h(t).
1
Suppose -2*b - 2 = 2. Let c be (b - (2 - 3))*-2. Let q be 74/(-14) - c/(-7). Let p(m) = -m**2 - 5*m - 2. Give p(q).
-2
Suppose 8 = 4*l + 4*m, 0 = 4*l - 8*l + m + 3. Let y(x) = 5*x**2 + 11*x - 13. Let s(g) = -2*g**2 - 6*g + 7. Let c(q) = -11*s(q) - 6*y(q). Determine c(l).
-7
Let z(f) = -31*f**2 + 1. Suppose 6*r = -66 + 60. Give z(r).
-30
Let t(d) = -d**2 + 6*d - 3. Let k be t(5). Let o(r) = -2*r**k + 3*r**2 + 0 + 1. Suppose 3*i + 0 = 3. What is o(i)?
2
Let d(k) = -4*k**2 - 2. Let j be (-5 - -3)/(3 - (-3 + 7)). Calculate d(j).
-18
Let t = -2 + -5. Let y(f) = -f - 1. Give y(t).
6
Let z be 6/(-4) - 4/(-8). Suppose 0 = -3*d - 2*d + 25. Let k = d + z. Let s(f) = f**2 - 2*f - 5. Give s(k).
3
Let k(z) = 3*z - 4*z - z + 0*z. Let r(b) = b**2 - b - 3. Let w be r(3). Suppose -d + 0*d = w. Determine k(d).
6
Let r(h) = -h**3 - 5*h**2 - 4*h + 1. Let c = -2 - 0. Let j be 1/2 + (-20)/8. Let x = j + c. Give r(x).
1
Let w(o) = -o**3 + 3*o**2 - 4. Let h be w(3). Let v be 6/h*(-8)/(-12). Let a(m) = 4*m**3 + m**2. Calculate a(v).
-3
Let c(x) be the second derivative of -x**4/12 + x**3 + 2*x**2 + 3*x. Suppose -2*h + 11 = -13. Let u = 17 - h. Give c(u).
9
Let l be ((-3)/6)/((-2)/20). Let z(u) = 2*u - u + u**2 - l*u + 3. Let h = 171 + -166. Calculate z(h).
8
Let d(k) = k - 6. Let p be d(8). Let q(w) = -2*w**p - 4*w + 7*w**2 - 3 - 4*w**2. Let m be -4*((-13)/4 - -2). Calculate q(m).
2
Let r = -1 - -3. Suppose 0 = -u - r*u - 33. Let x = 7 + u. Let g(k) = k**3 + 3*k**2 - 4*k - 3. What is g(x)?
-3
Let m be 0 + 0 - 2/(-1). Let f(g) = -2*g + g**3 - g**2 + 5*g**2 - 2 - 2*g**3. Let p be f(m). Let i(z) = -3*z + 3. Calculate i(p).
-3
Let c be (148/3)/((-4)/(-6)). Let w be (-4)/14 - c/(-14). Let r(z) = z**2 - 6*z - 3. Calculate r(w).
-8
Let x(b) = -7*b**3 - 10*b**2 + 6*b + 5. Let q(m) = 6*m**3 + 9*m**2 - 5*m - 5. Let c(v) = -6*q(v) - 5*x(v). Determine c(-4).
5
Let m(g) be the third derivative of -g**4/12 + g**3/6 - 13*g**2. Determine m(-2).
5
Let z(n) be the third derivative of -7*n**6/60 + n**5/30 - n**3/6 + 20*n**2. Determine z(1).
-13
Let r(b) = -4*b**3 - b**2 - b. Let u be (1/(-2))/(0 + (-4)/(-8)). Give r(u).
4
Let a(r) be the third derivative of r**6/120 - r**5/60 - r**4/24 + 7*r**3/6 - 22*r**2. Calculate a(0).
7
Let p(i) be the first derivative of 2*i**3 - i**2 + i - 1. Determine p(1).
5
Let i(p) = -p**3 - p**2 - 4*p - 8. Let q(o) = -o**3 - 4*o - 7. Let d be (-35)/(-6) + (-1)/(-6). Let c(n) = d*i(n) - 7*q(n). Determine c(5).
-4
Let h(z) = -4*z**3 - 3*z**2 + 14*z + 8. Let k(j) = 5*j**3 + 2*j**2 - 15*j - 8. Let b(d) = -4*h(d) - 3*k(d). Determine b(-7).
20
Let a(d) = d**2 + 6*d - 2. Let i be a(-7). Let g(x) = x**2 - 5*x - 1. Calculate g(i).
-1
Let h(i) be the second derivative of i**4/12 + 2*i**3/3 - 2*i**2 - 3*i. Suppose -3*d = -7 + 22. Determine h(d).
1
Let a(o) = 10*o - 1 + 5 - 3. Let h(f) = f. Let i(m) = a(m) - 5*h(m). What is i(-1)?
-4
Let r(h) = -5*h**2 + 4 - h - 2*h + 0*h - h**3. Let g(v) = -v - 2 - 10 - 2 + 0*v. Let p be g(-11). Calculate r(p).
-5
Let m(y) be the second derivative of 7*y**3/6 - y**2/2 + 2*y + 19. Determine m(-1).
-8
Let p(q) = -q - 2 - 5 + 14. Suppose v = w - 3*v + 4, -4*w + 5*v - 5 = 0. Let k = 0 + w. What is p(k)?
7
Let q(k) = -k**3 + 2*k**2 + 2*k - 3. Suppose -33*i + 32*i + 3 = 0. Calculate q(i).
-6
Let z(o) be the first derivative of -o**5/120 + o**4/4 - 5*o**3/3 - 8. Let l(c) be the third derivative of z(c). Give l(0).
6
Let a(t) = 9*t - 15. Let s(r) = 2*r - 3. Let n(j) = 2*a(j) - 11*s(j). Let q = 29 - 27. Determine n(q).
-5
Let v(o) = o**3 + o**2 - 6. Let b be v(0). Let w(q) = q + 5. Let h be w(b). Let i be 5/(5/2) - h. Let d(t) = 2*t**2 - 3*t - 4. Give d(i).
5
Let k(c) = c**3 - 2*c**2 - 4*c - 1. Suppose 0 = -5*f - 3*m - 9, -4*f + 4*m = -7*f - 12. Let i = f - 0. Let v = i - -3. Give k(v).
-4
Let c(h) be the third derivative of -h**6/120 + 3*h**5/20 - 7*h**4/24 - h**3/2 - 4*h**2. Calculate c(8).
5
Let t(z) = -7*z - 4. Let g(q) = -6*q - 3. Let m(a) = -4*g(a) + 3*t(a). Calculate m(-1).
-3
Let l = 11 - 7. Suppose -b - 6 = -2*b. Suppose -i - b = -l. Let s(n) = 2*n**2 + n - 2. What is s(i)?
4
Suppose -q + 0*q = 3. Let g = q + 5. Let y(l) = -g*l + l**3 + 0*l + 3 + 3*l**2 - 2*l**3. Calculate y(2).
3
Let s(t) be the second derivative of 2*t**2 - 5*t + 1/3*t**3 + 0 - 1/6*t**4. Let h(b) = -b**2 + 8*b - 4. Let z be h(7). Calculate s(z).
-8
Let o = -4 - -5. Let h(z) = -4 - 11*z + 12*z + 4*z**3 + 3 - 3*z**3. Determine h(o).
1
Let t(a) = -a**2 - 3*a + 3. Let i be (0 - 0)/(8/4). Suppose -3*d = i, 0*d - 3*d = -5*u - 25. Calculate t(u).
-7
Let s(h) = -16*h - 4. Let g(v) = 14*v + 3. Let y(b) = 5*g(b) + 4*s(b). Give y(-1).
-7
Let t = 6 + -4. Suppose -15 = -q - t*q. Let z(g) = -2*g + 5. Give z(q).
-5
Let t be -1 + 2 - ((-30)/(-5))/3. Let s(w) = -4*w**2 + w. Determine s(t).
-5
Suppose 5*o - 2*o = 6. Let x(u) = u + 2. Let w be x(o). Suppose w*r = -3*d - 18, -2*d + 4*r = d - 6. Let s(a) = a**2 + 4*a - 1. What is s(d)?
-5
Let l(w) = -w**2 + 3*w + 2. Suppose 5 = -2*c + 19. Suppose 5*k - 5*g = 10, 4*g - 9 = -2*k + c. What is l(k)?
-2
Let n(m) = m**2 + 6*m - 5. Let s be (15/9 - 3)*6. Let k(u) = u**2 + 9*u + 9. Let r be k(s). Suppose -o - r = 5. Determine n(o).
-5
Let l(v) = -v - 3. Let z(k) = k + 2. Let b be 3/((-2)/8 - -1). Let j(t) = b*z(t) + 3*l(t). What is j(1)?
0
Let q(u) be the second derivative of u**4/24 - u**3/6 + u**2/2 - u. Let r(m) be the first derivative of q(m). Suppose -32*n + 38*n - 12 = 0. Calculate r(n).
1
Let n(x) be the third derivative of -x**4/24 - x**3/2 - 3*x**2. Let b = 1 + 2. Suppose 2*z = 2, -3*t - b*z = -2*z + 17. Calculate n(t).
3
Let y = 0 + -2. Let t = y - 1. Let c(b) be the second derivative of -b**5/20 - b**4/3 - b**3/3 + 2*b**2 - 2*b. What is c(t)?
1
Let u(b) = b - 5 + 5 - 2 + 0. Give u(-5).
-7
Let x be 2/(-1 - 3)*2. Let y(j) be the first derivative of 1 - j + 2*j**3 + 1 - 4*j**3. Determine y(x).
-7
Let o(z) be the second derivative of z**4/12 + z**3 + 2*z**2 + z. Let c(s) = -13*s + 36. Let y be c(3). Determine o(y).
-5
Let r be 34/52 + 8/(-52). Let y(z) be the third derivative of -1/60*z**5 + 0*z - 1/4*z**4 + r*z**3 + 0 + 3*z**2. Give y(-5).
8
Let i(c) = 9*c + 4. Let l(h) = -180*h - 81. Let j(v) = v**2 + 7*v + 2. Let d be j(-6). Let u(y) = d*l(y) - 81*i(y). Determine u(-1).
9
Let f(c) = -c**2 + 6. Let d be f(0). Let m(n) = -2*n + 7. Calculate m(d).
-5
Let g(r) be the second derivative of -r**3/6 + 4*r**2 - 5*r. Let d = 14 - 10. Give g(d).
4
Let g(u) = 10 + 4*u - 7 - u**3 - 7 + 2*u**2. Suppose -i - 4*i = 25, 5*v - 3*i - 90 = 0. Suppose 7*f - 2*f = v. Calculate g(f).
-1
Let t(m) = 502*m - 254*m + 3 - 258*m + m**3 - m**2 - 5*m**2. Calculate t(7).
-18
Let m(p) = -3*p + 1. Let v(t) = -t**2 - 3*t + 3. Let u be v(-3). Calculate m(u).
-8
Let x(u) = 2*u + 44 - 5*u - 43. Calculate x(2).
-5
Suppose k = -1, 0 = t + k - 0 + 6. Let d(l) = -l + 1. What is d(t)?
6
Let w(i) = -i**2 - 8. Let z(x) = x + 4. Suppose -3 = 6*r - 5*r. Let t be 